nder when l(w) is divided by 10.
9
Let a = 7 + -7. Suppose 4*j - 32 = -a*j. Calculate the remainder when j is divided by ((-4)/(-6))/(4/18).
2
Suppose -231 = 4*d - 11*d. What is the remainder when 96 is divided by d?
30
Let r(h) = -h. Let j be r(-5). Suppose 4*d - 23 = -z - j, z + d = 15. Suppose -2*y + 4 = -z. Calculate the remainder when y is divided by 5.
4
Calculate the remainder when 0 + (2 - 4) - -87 is divided by 22.
19
Suppose 2*d + 22 = -a + 3*a, -20 = 4*d. Let h = -2 - 0. What is the remainder when (-21)/h + (-2)/4 is divided by a?
4
Suppose 3*p = 2*b + 33, -4*b + 4*p - 50 = 6. Let g = 23 + b. Let h(o) = o**3 - o**2 + 2*o + 2. Calculate the remainder when h(3) is divided by g.
12
Let x(t) = -t - 4. Let h be x(4). What is the remainder when 3/(-2) + (-276)/h is divided by 9?
6
Let h(l) = 2 + l**2 + 0*l**2 + l**3 + 5. Calculate the remainder when 58/3 + ((-22)/3 - -7) is divided by h(0).
5
Let j(y) = 2*y + 14. Suppose 2*m - 2*f = -14, 4*m = -2*f - 0*f - 22. Calculate the remainder when 6 is divided by j(m).
0
Suppose 0 = 3*u + 9 - 36. What is the remainder when u is divided by 5?
4
Suppose 5*f - 12 = -3*y + 17, -2*f + 8 = 0. Calculate the remainder when 14 is divided by y.
2
Let w = -10 + 19. What is the remainder when 33 is divided by w?
6
Let d = -3 + 8. Suppose 0*h + p + 37 = h, 185 = d*h + 5*p. What is the remainder when h is divided by 13?
11
Let f = -22 + 27. What is the remainder when (28/6)/(2/3) is divided by f?
2
Suppose 0 = 2*z + 2*z - 160. Suppose 0 = 5*a + 100 - 395. Suppose -4*f - 3 = -a. What is the remainder when z is divided by f?
12
Let i(u) = -2*u + 2. Let m be i(-2). Let r(v) = v**2 + v - 3. Let d be r(3). What is the remainder when (-3)/d - (-20)/m is divided by 2?
1
Let z(q) = q + 5. What is the remainder when 58 is divided by z(15)?
18
Let c(z) = -z**3 - 4*z**2 - 3*z - 2. Let y(b) = b**3 + 11*b**2 - 5*b - 16. What is the remainder when y(-11) is divided by c(-4)?
9
Let b(f) = f**3 + 6*f**2 + 6. Let v be ((-10)/(-4) + -2)*4. Suppose v*s + 20 = 2*i + 3*s, -i + 10 = 3*s. What is the remainder when i is divided by b(-6)?
4
Suppose -2829 = -12*w + 27. Calculate the remainder when w is divided by 16.
14
Let z = -7 + 18. Calculate the remainder when 19 is divided by z.
8
Let o = -140 - -191. Let a(g) = -6*g. Calculate the remainder when o is divided by a(-3).
15
Calculate the remainder when 2/(-3) - (-3104)/48 is divided by 22.
20
Let h(c) = -c**3 - 4*c**2 + c - 1. Let s be h(-2). Let x = s + 7. Calculate the remainder when 2 + (-9)/6*x is divided by 5.
3
Let l be (-4)/(-6) + 25/3. Let k = 59 + l. Suppose -3*m = 17 - k. What is the remainder when 32 is divided by m?
15
Suppose 0 = -3*k + 42 + 96. Suppose b - k = -b. Suppose -b - 13 = -3*n. What is the remainder when n is divided by 7?
5
Suppose 2*u - 5 = -3*u. Let r = 3 - u. Let b = 8 - r. What is the remainder when 11 is divided by b?
5
Let x = -1 + 10. Let p = -24 - -57. Calculate the remainder when p is divided by x.
6
Let q be (-1)/3 + (-452)/(-6). Let l = 107 - q. What is the remainder when l is divided by ((-33)/6)/((-2)/4)?
10
Let c(s) = -s**2 - 10*s - 5. Suppose 0 = 52*h - 50*h - 12. What is the remainder when c(-7) is divided by h?
4
Suppose -2*b + 4*b - 22 = 0. What is the remainder when 42 is divided by b?
9
Suppose -n - r = -11, -n = 5*r - r - 14. Let d be n/(-8) - (-12)/(-16). What is the remainder when (-231)/(-6) - (-1)/d is divided by 20?
18
Suppose 2*l = 1 + 7. Suppose 0 = l*z - 16. Calculate the remainder when ((-210)/(-90))/(2/6) is divided by z.
3
Suppose 0*z = 4*z - 736. Suppose 2*m = 6*m - z. Suppose 0*r + m = r. Calculate the remainder when r is divided by 16.
14
Let l = -4 - -15. Let y(m) = -9*m - 6. Calculate the remainder when y(-3) is divided by l.
10
Let g be 1 - (0 + -1 + 3). Calculate the remainder when ((-49)/(-28))/(g/(-8)) is divided by 8.
6
Let u = 103 + -61. Suppose -r = -4*r + u. Suppose -3*b + 9*b = 162. Calculate the remainder when b is divided by r.
13
Let m(f) = f**3 - 9*f**2 + 8*f + 11. Calculate the remainder when 19 is divided by m(8).
8
Let x = 2 - 2. Let m = 5 + x. Suppose -3*q + 14 - m = 0. What is the remainder when 7 is divided by q?
1
Let w be 2/2 + 6 + -6. Calculate the remainder when 4*(-2)/(-8)*25 is divided by -14*w*(-4 + 3).
11
Suppose -2*n + 3*n + 68 = 5*o, 18 = o + 2*n. What is the remainder when 22 is divided by o?
8
Let y = 4 + 5. Calculate the remainder when 51 is divided by y.
6
Suppose -2*w = -5*w, 5*h = 4*w + 85. Suppose 0 = 5*d - 5*j - 265, 0*d + d - 29 = -5*j. Calculate the remainder when d is divided by h.
15
Let z = 35 - 20. Let c(q) = 8*q**2 - 5*q - 2. What is the remainder when c(-2) is divided by z?
10
Suppose -w + 9 + 1 = 0. What is the remainder when w is divided by 11/4 - (-1)/4?
1
Suppose 4*q - 2*q - 12 = -h, -15 = -3*q. Suppose 2*x - 4*s - 30 = 0, 3 = -4*s + 7. What is the remainder when ((-98)/4)/(h/(-4)) is divided by x?
15
Let f be (-1 - -2)/((-4)/36). Let n = 37 + f. Let z(u) = 10*u - 5. Calculate the remainder when n is divided by z(2).
13
Suppose 0 = -4*y + 58 + 34. Calculate the remainder when y is divided by 5.
3
Let u = -35 - -52. Let l = 78 + -45. What is the remainder when l is divided by u?
16
Let m(q) = -q**2 - 8*q - 4. Let p be 15*1*1 - -2. Let g = p - 11. Calculate the remainder when m(-5) is divided by g.
5
Let p(j) = -j**3 - j**2 + j + 3. Let f be p(0). What is the remainder when 2/(((-6)/(-28))/f) is divided by 61/4 + (-2)/8?
13
Let w(d) = -d**3 + 7*d**2 - 6*d + 14. Calculate the remainder when 36 is divided by w(6).
8
Let k(l) = 3*l - 1. Let w be k(1). Suppose -y + 3*y = w. What is the remainder when 2 is divided by y?
0
Suppose l + 97 = 4*a, -2*a = -7*a + 2*l + 119. Suppose t = 2*x + 4, -x = -4*x + 3*t - 3. What is the remainder when a is divided by x/12 + 106/8?
12
Let w = -22 - -33. What is the remainder when 18 is divided by w?
7
Let i(b) = 29*b + 1. What is the remainder when i(2) is divided by 10/(-3 + 28/8)?
19
Let r(b) = b**2 - b + 77. Let g(w) = 3*w + 56. Calculate the remainder when r(0) is divided by g(-10).
25
Let m be (3/6)/1*6. Suppose 2*c + m - 1 = -d, 0 = d + 4*c + 12. Suppose -d*b = -3*b - 10. What is the remainder when b is divided by 1?
0
Suppose 4*l - 53 = -5*t, 0 = 2*t - 0*l + 4*l - 26. What is the remainder when 32 is divided by t?
5
Let k = -3 + 16. What is the remainder when 36 is divided by k?
10
Calculate the remainder when (-16)/(-56) - 1032/(-14) is divided by 26.
22
Let x = 47 + -26. What is the remainder when x is divided by 4/(-7) - 552/(-84)?
3
Let b(u) = -36*u - 25. Calculate the remainder when b(-8) is divided by 53.
51
Let t be (-8)/16 + (-6)/4. What is the remainder when 88/2 + t/1 is divided by 22?
20
Suppose 3*o = 29 + 10. What is the remainder when 25 is divided by o?
12
Let r(i) = -i + 8. Let v be r(8). Suppose -4*o + 5*o - 50 = v. What is the remainder when o is divided by 17?
16
Suppose -6*f - a - 143 = -11*f, -2*f + 2*a + 62 = 0. Suppose -16*j = -2052 + 276. Calculate the remainder when j is divided by f.
27
Suppose 4*f = -2*h + 114, -4*h + 6 = -6. Calculate the remainder when 79 is divided by f.
25
Let f(y) = 3*y**2 + 2. Let r be f(-4). Suppose 0*b + 3*v - 100 = -4*b, 4*v = 3*b - r. Let i = 0 - -8. What is the remainder when b is divided by i?
6
Suppose -4*l + 3*l - 21 = 0. Let z(a) = 3*a. Calculate the remainder when 28/6*l/(-14) is divided by z(1).
1
Suppose 2*o - 2*x = 64, 2*o - 6*x + 5*x = 69. Calculate the remainder when 184 is divided by o.
36
Let g(f) = 2*f**2. Let k be g(1). Suppose 0 = k*x - 0*x. Let i(w) = w + 2. Calculate the remainder when 5 is divided by i(x).
1
Let j(v) = v**3 - v**2 + 5*v + 1. What is the remainder when 24 is divided by j(2)?
9
Let k be (6 - 0) + 0/5. Let x(d) = -2*d**2 + 13*d + 5. Calculate the remainder when 21 is divided by x(k).
10
Suppose -37 = -4*h + 55. What is the remainder when h is divided by 12?
11
Suppose 0*l + 128 = 4*l - 4*f, 2*l + 5*f - 36 = 0. Suppose -3*u + l = u. What is the remainder when (-11)/(-1) - (1 - 2) is divided by u?
5
Suppose 0 = 3*n + 2*n - 15. Let f be 114/n + 0 + 2. Suppose 3*j - 20 = f. What is the remainder when j is divided by 11?
9
Suppose 50 = 6*l - l. Calculate the remainder when 2 is divided by 2/(-5) + 24/l.
0
Suppose 3*s - s = -6. Calculate the remainder when